{"id":1932,"date":"2017-11-02T18:46:59","date_gmt":"2017-11-02T16:46:59","guid":{"rendered":"http:\/\/www250.e1016.servidornet.com\/?page_id=1932"},"modified":"2017-11-27T18:30:30","modified_gmt":"2017-11-27T16:30:30","slug":"aplicacoes-e-programas-para-as-ordens-dos-farmaceuticos","status":"publish","type":"page","link":"http:\/\/www.datinza.com\/index.php\/pt\/ordens-dos-farmaceuticos\/aplicacoes-e-programas-para-as-ordens-dos-farmaceuticos\/","title":{"rendered":"Aplica\u00e7\u00f5es e Programas para as Ordens dos Farmac\u00eauticos"},"content":{"rendered":"<h4 style=\"margin: 0% 0% 0% 9%;\">Aplica\u00e7\u00f5es e Programas para as Ordens dos Farmac\u00eauticos<\/h4>\n<link rel=\"stylesheet\" href=\"https:\/\/www.w3schools.com\/w3css\/4\/w3.css\">\n<div class=\"w3-row-padding  w3-container\">\n<div class=\"w3-threequarter w3-container\" >\n<p class=\"tx1\"  style = \"color:#196F8A;font-size: 110%;font-weight: regular; margin: 0% 5% 2% 10%;\" > Explora\u00e7\u00e3o de dados farmac\u00eauticos<\/p>\n<p class=\"tx1\" style=\"margin: 0% 5% 0% 10%;\">Na Datinza oferecemos, aos COF (Ordens dos Farmac\u00eauticos)  que trabalham connosco, a elabora\u00e7\u00e3o de relat\u00f3rios peri\u00f3dicos para detalhar o rendimento, disponibilidade e capacidade da infraestrutura, bem como das aplica\u00e7\u00f5es e as bases de dados. <\/p>\n<p class=\"tx1\" style=\"margin: 0% 5% 0% 10%;\">Tamb\u00e9m elaboramos os relat\u00f3rios de cada farm\u00e1cia, aos quais s\u00f3 podem aceder os titulares da mesma. Gra\u00e7as a isto, cada farm\u00e1cia pode dispor de gr\u00e1ficos e estat\u00edsticas como por exemplo:\n<\/p>\n<ul style=\"list-style-type: square;  margin: 3% 10% 0% 10%;\">\n<li>\n<p style=\"margin:0;\">Fatura\u00e7\u00e3o mensal.<\/p>\n<\/li>\n<li>\n<p style=\"margin:0;\">Receitas dispensadas por m\u00eas.<\/p>\n<\/li>\n<li>\n<p style=\"margin:0;\">Dispensas por TSI.<\/p>\n<\/li>\n<li>\n<p style=\"margin:0;\">Pre\u00e7o medio de dispensa.<\/p>\n<\/li>\n<\/ul>\n<p class=\"tx1\" style=\"margin: 3% 5% 0% 10%;\">(Podendo criar, eliminar ou adaptar qualquer gr\u00e1fico ou estat\u00edstica a pedido do COF (Ordens dos Farmac\u00eauticos) <\/p>\n<p class=\"tx1\" style=\"margin: 3% 5% 0% 10%;\">Este servi\u00e7o pode incluir o acesso \u00e0s imagens das receitas de cada farm\u00e1cia que previamente a Datinza digitalizou. Foi desenvolvido um software para poder aceder \u00e0s referidas imagens em fun\u00e7\u00e3o do C\u00f3digo Nacional do medicamento, o c\u00f3digo da receita e a data de dispensa. <\/p>\n<\/p><\/div>\n<div class=\"w3-quarter  w3-container\">\n<div class=\"imagen_vertical\" style = \"margin: 35% 0% 0% 0%;\">   <img decoding=\"async\" class=\"aligncenter  w3-round-large\"  src=\"\/wp-content\/uploads\/2017\/06\/CAU.jpg\" alt=\"editors\"  style = \"width: 100%;height: 100%;  \"  \/>\n    <\/div>\n<\/p><\/div>\n<\/div>\n<div class=\"w3-row-padding  w3-container\">\n<div class=\"w3-quarter  w3-container\">\n<div class=\"imagen_vertical\" style = \"margin: 18% 0% 0% 0%;\">   <img decoding=\"async\" class=\"aligncenter  w3-round-large\"  src=\"\/wp-content\/uploads\/2017\/09\/CAU_2.jpg\" alt=\"editors\"  style = \"width: 80%;height: 80%;  \"  \/>\n    <\/div>\n<\/p><\/div>\n<div class=\"w3-threequarter w3-container\" >\n<p class=\"tx1\"  style = \"color:#196F8A;font-size: 110%;font-weight: regular; margin: 5% 5% 2% 0%;\" > CAU<\/p>\n<p class=\"tx1\" style=\"margin: 0% 5% 0% 0%;\">Servi\u00e7o que garante o apoio \u00e0s farm\u00e1cias e ao COF (Ordens dos Farmac\u00eauticos) para a resolu\u00e7\u00e3o das incid\u00eancias ocorridas no funcionamento dos servi\u00e7os relacionados com a consulta e a dispensa atrav\u00e9s da receita eletr\u00f3nica.<\/p>\n<p class=\"tx1\" style=\"margin: 0% 0% 0% 5%;\">O CAU consta de dois n\u00edveis:<\/p>\n<ul style=\"list-style-type: square;  margin: 3% 10% 0% 0%;\">\n<li>\n<p style=\"margin:0;\"><b>Primeiro n\u00edvel:<\/b> As incid\u00eancias s\u00e3o atendidas pelo pessoal do COF (Ordens dos Farmac\u00eauticos) atrav\u00e9s da aplica\u00e7\u00e3o da Datinza, que permite o registo e acompanhamento das mesmas em tempo real. Contamos com pessoal para atender incid\u00eancias fora do hor\u00e1rio do COF (Ordens dos Farmac\u00eauticos) para poder cobrir os servi\u00e7os de perman\u00eancia.<\/p>\n<\/li>\n<li>\n<p style=\"5% 5% 0% 0%;\"><b>Segundo n\u00edvel:<\/b> Este n\u00edvel, al\u00e9m de incluir as compet\u00eancias do primeiro n\u00edvel, engloba as incid\u00eancias mais t\u00e9cnicas, pelo que \u00e9 a Datinza que se encarrega de as atender e resolver.<\/p>\n<\/li>\n<\/ul>\n<p class=\"tx1\" style=\"margin: 3% 5% 0% 0%;\">A fun\u00e7\u00e3o do centro de assist\u00eancia ser\u00e1 ativa e proativa. Ativa, porque ser\u00e1 dada uma resposta imediata a incid\u00eancias do servi\u00e7o logo que forem detetadas pelos farmac\u00eauticos. Proativa, porque ser\u00e1 realizado um acompanhamento constante do servi\u00e7o para descobrir poss\u00edveis melhorias e agir em conformidade sobre elas. <\/p>\n<p class=\"tx1\" style=\"margin: 3% 5% 0% 0%;\">Embora seja poss\u00edvel a contrata\u00e7\u00e3o exclusiva do primeiro n\u00edvel, os COF (Ordens dos Farmac\u00eauticos) costumam escolher o segundo n\u00edvel, uma vez que este \u00e9 mais completo e cobre todas as necessidades de apoio. <\/p>\n<\/p><\/div>\n<\/div>\n<p class=\"tx1\"  style = \"color:#196F8A;font-size: 110%;font-weight: regular; margin: 5% 5% 2% 10%;\" > Farm\u00e1cias Sentinela<\/p>\n<p class=\"tx1\" style=\"margin: 0% 5% 0% 10%;\">A Datinza desenvolveu, a pedido do CONCYL, um software espec\u00edfico para que os COF (Ordens dos Farmac\u00eauticos) possam levar a cabo um acompanhamento das farm\u00e1cias sentinela. <\/p>\n","protected":false},"excerpt":{"rendered":"<p>Aplica\u00e7\u00f5es e Programas para as Ordens dos Farmac\u00eauticos Explora\u00e7\u00e3o de dados farmac\u00eauticos Na Datinza oferecemos, aos COF (Ordens dos Farmac\u00eauticos) que trabalham connosco, a elabora\u00e7\u00e3o de relat\u00f3rios peri\u00f3dicos para detalhar o rendimento, disponibilidade e capacidade da infraestrutura, bem como das aplica\u00e7\u00f5es e as bases de dados. Tamb\u00e9m elaboramos os relat\u00f3rios de cada farm\u00e1cia, aos quais [&hellip;]<\/p>\n","protected":false},"author":1,"featured_media":1487,"parent":1921,"menu_order":0,"comment_status":"closed","ping_status":"closed","template":"page-full-width.php","meta":{"footnotes":""},"class_list":["post-1932","page","type-page","status-publish","has-post-thumbnail","hentry"],"_links":{"self":[{"href":"http:\/\/www.datinza.com\/index.php\/wp-json\/wp\/v2\/pages\/1932","targetHints":{"allow":["GET"]}}],"collection":[{"href":"http:\/\/www.datinza.com\/index.php\/wp-json\/wp\/v2\/pages"}],"about":[{"href":"http:\/\/www.datinza.com\/index.php\/wp-json\/wp\/v2\/types\/page"}],"author":[{"embeddable":true,"href":"http:\/\/www.datinza.com\/index.php\/wp-json\/wp\/v2\/users\/1"}],"replies":[{"embeddable":true,"href":"http:\/\/www.datinza.com\/index.php\/wp-json\/wp\/v2\/comments?post=1932"}],"version-history":[{"count":2,"href":"http:\/\/www.datinza.com\/index.php\/wp-json\/wp\/v2\/pages\/1932\/revisions"}],"predecessor-version":[{"id":2341,"href":"http:\/\/www.datinza.com\/index.php\/wp-json\/wp\/v2\/pages\/1932\/revisions\/2341"}],"up":[{"embeddable":true,"href":"http:\/\/www.datinza.com\/index.php\/wp-json\/wp\/v2\/pages\/1921"}],"wp:featuredmedia":[{"embeddable":true,"href":"http:\/\/www.datinza.com\/index.php\/wp-json\/wp\/v2\/media\/1487"}],"wp:attachment":[{"href":"http:\/\/www.datinza.com\/index.php\/wp-json\/wp\/v2\/media?parent=1932"}],"curies":[{"name":"wp","href":"https:\/\/api.w.org\/{rel}","templated":true}]}}