{"id":1542,"date":"2017-09-28T17:40:07","date_gmt":"2017-09-28T15:40:07","guid":{"rendered":"http:\/\/www250.e1016.servidornet.com\/?page_id=1542"},"modified":"2017-10-23T13:41:44","modified_gmt":"2017-10-23T11:41:44","slug":"aviso-legal","status":"publish","type":"page","link":"https:\/\/www.datinza.com\/index.php\/aviso-legal\/","title":{"rendered":"Aviso Legal"},"content":{"rendered":"<article class=\"col2 pad_left1\" style=\"margin: 0% 5% 5% 5%;\">\n<h4>Informaci\u00f3n legal del titular de la web<\/h4>\n<p> Raz\u00f3n Social: <strong>DATOS INFORMATICOS ZARAGOZA S.A. (DATINZA) <\/strong><br \/>\n\t\t\t  Direcci\u00f3n: C\/ Argualas, 40. Edificio El Greco. 50012 Zaragoza.<br \/>\n<br \/>C.I.F.: A50707728<br \/>\n<br \/>Tel\u00e9fono: 976 56 56 58<br \/>\n<br \/>E-mail: <strong>datinza@datinza.com <\/strong><br \/>\nDatos Registrales: Registro Mercantil de Zaragoza, Tomo 2018, Folio 196, Secci\u00f3n B, Hoja Z-19883, Inscripci\u00f3n 1\u00aa<\/p>\n<h4>Propiedad Intelectual<\/h4>\n<p> Todos los derechos de propiedad industrial e intelectual del dominio web datinza.com, datinza.es, datinza.net, datinza.biz \u00f3 datinza.org, su dise\u00f1o gr\u00e1fico, su c\u00f3digo fuente y sus contenidos (textos, im\u00e1genes, sonidos, v\u00eddeo, dise\u00f1os, creatividades, software) pertenecen a Datinza S.A. o, en su caso, a terceras personas, correspondi\u00e9ndoles el ejercicio exclusivo de los derechos de explotaci\u00f3n de los mismos. Por tanto queda prohibida su reproducci\u00f3n, distribuci\u00f3n, comunicaci\u00f3n p\u00fablica y transformaci\u00f3n, total o parcial, sin la autorizaci\u00f3n expresa de Datinza S.A. Igualmente, todos los nombres comerciales, marcas o signos distintos de cualquier clase contenidos en nuestra p\u00e1gina web est\u00e1n protegidos por ley.<\/p>\n<h4>Contenidos y enlaces<\/h4>\n<p>El usuario puede visualizar todos los elementos, imprimirlos, copiarlos y almacenarlos en el disco duro de su ordenador, o en cualquier otro soporte f\u00edsico, siempre y cuando sea, \u00fanica y exclusivamente, para su uso personal y privado, quedando, por tanto, terminantemente prohibida su utilizaci\u00f3n con fines comerciales, su distribuci\u00f3n, as\u00ed como su modificaci\u00f3n, alteraci\u00f3n o descompilaci\u00f3n.<\/p>\n<h4>Protecci\u00f3n de datos<\/h4>\n<p>Sus datos personales se obtienen para formar parte de ficheros responsabilidad de DATINZA \u00fanico destinatario de la informaci\u00f3n aportada voluntariamente por usted.<\/p>\n<p>Estos ficheros se utilizan para tramitar sus pedidos en la web, responder a su solicitud o consulta a la mayor brevedad posible, y para mantenerle informado acerca de los servicios ofertados por nuestra entidad, todo ello con la finalidad de ofrecer una atenci\u00f3n personalizada y satisfactoria para el cliente en la prestaci\u00f3n de nuestros servicios. Ello no podr\u00e1 llevarse a cabo sin el tratamiento de los datos personales. <\/p>\n<p>Los derechos de acceso, rectificaci\u00f3n, cancelaci\u00f3n y oposici\u00f3n podr\u00e1n ser ejercidos mediante escrito dirigido a DATINZA, C\/ Argualas, 40. Edificio El Greco. 50012 Zaragoza.<\/p>\n<h4>Limitaci\u00f3n de Responsabilidades<\/h4>\n<p>DATINZA no se responsabiliza sobre los posibles da\u00f1os inform\u00e1ticos que pueda sufrir el usuario mientras visita nuestra p\u00e1gina web ocasionados por terceros o por el propio usuario, ni sobre el contenido de los sitios de terceros que en ella se enlacen. <\/p>\n<h4>Propiedad Intelectual<\/h4>\n<p>Todos los contenidos de esta p\u00e1gina web son propiedad de DATINZA o de sus respectivos titulares y est\u00e1n protegidos en funci\u00f3n de la legislaci\u00f3n sobre la Propiedad Intelectual e Industrial. Queda prohibido cualquier uso del contenido de nuestra p\u00e1gina web sin la previa autorizaci\u00f3n por escrito de la entidad. <\/p>\n<h4>Pol\u00edtica de <em>Cookies<\/em><\/h4>\n<p>Esta web utiliza <em>cookies<\/em> propias y de terceros, que recogen informaci\u00f3n estad\u00edstica para mejorar el servicio prestado por DATINZA y personalizar publicidad.<\/p>\n<p>Las <em>cookies<\/em> son ficheros creados en el navegador del usuario para registrar su actividad en el Sitio Web y permitirle una navegaci\u00f3n m\u00e1s fluida y personalizada. Las cookies se instalan autom\u00e1ticamente en el ordenador del usuario, pero no almacenan ning\u00fan tipo de informaci\u00f3n relativa a su persona (datos personales). <\/p>\n<p><strong>Tipos de <em>Cookies<\/em> usadas por DATINZA<\/strong><\/p>\n<p>&#8211; <em>Cookies<\/em> t\u00e9cnicas: Son aqu\u00e9llas que permiten al usuario la navegaci\u00f3n a trav\u00e9s de una p\u00e1gina web, plataforma o aplicaci\u00f3n y la utilizaci\u00f3n de las diferentes opciones o servicios que en ella existan.<\/p>\n<p>&#8211; <em>Cookies<\/em> de personalizaci\u00f3n: Son aqu\u00e9llas que permiten al usuario acceder al servicio con algunas caracter\u00edsticas de car\u00e1cter general predefinidas en funci\u00f3n de una serie de criterios en el terminal del usuario como por ejemplo serian el idioma, el tipo de navegador a trav\u00e9s del cual accede al servicio, la configuraci\u00f3n regional desde donde accede al servicio, etc.<\/p>\n<p>&#8211; <em>Cookies<\/em> de an\u00e1lisis: Son aqu\u00e9llas que permiten al responsable de las mismas, el seguimiento y an\u00e1lisis del comportamiento de los usuarios de los sitios web a los que est\u00e1n vinculadas.<\/p>\n<p>&#8211; <em>Cookies<\/em> publicitarias: Son aqu\u00e9llas que permiten la gesti\u00f3n, de la forma m\u00e1s eficaz posible, de los espacios publicitarios que, en su caso, el editor  haya incluido en una p\u00e1gina web, aplicaci\u00f3n o plataforma desde la que  presta el servicio solicitado en base a criterios como el contenido editado o la frecuencia en la que se muestran los anuncios.<\/p>\n<p>&#8211; <em>Cookies<\/em> de publicidad comportamental: Estas cookies almacenan informaci\u00f3n del comportamiento de los usuarios obtenida a trav\u00e9s de la observaci\u00f3n continuada de sus h\u00e1bitos de navegaci\u00f3n, lo que permite desarrollar un perfil espec\u00edfico para mostrar publicidad en funci\u00f3n del mismo.<\/p>\n<p><strong>Relaci\u00f3n de cookies utilizadas en la p\u00e1gina web: <\/strong><\/p>\n<table class=MsoTableGrid border=1 cellspacing=0 cellpadding=0\n style='border-collapse:collapse;border:none;mso-border-alt:solid windowtext .5pt;\n mso-yfti-tbllook:1184;mso-padding-alt:0cm 5.4pt 0cm 5.4pt'><\/p>\n<tr style='mso-yfti-irow:0;mso-yfti-firstrow:yes'>\n<td width=113 valign=top style='width:84.65pt;border:solid windowtext 1.0pt;\n  mso-border-alt:solid windowtext .5pt;background:#548DD4;mso-background-themecolor:\n  text2;mso-background-themetint:153;padding:0cm 5.4pt 0cm 5.4pt'><\/p>\n<p style='text-align:justify;line-height:115%'><span lang=ES-TRAD\n  style='font-size:11.0pt;line-height:115%;font-family:\"Arial\",\"sans-serif\";\n  mso-bidi-font-weight:bold'>Dominio<o:p><\/o:p><\/span><\/p>\n<\/td>\n<td width=123 valign=top style='width:92.15pt;border:solid windowtext 1.0pt;\n  border-left:none;mso-border-left-alt:solid windowtext .5pt;mso-border-alt:\n  solid windowtext .5pt;background:#548DD4;mso-background-themecolor:text2;\n  mso-background-themetint:153;padding:0cm 5.4pt 0cm 5.4pt'><\/p>\n<p style='text-align:justify;line-height:115%'><span lang=ES-TRAD\n  style='font-size:11.0pt;line-height:115%;font-family:\"Arial\",\"sans-serif\";\n  mso-bidi-font-weight:bold'>Responsable<o:p><\/o:p><\/span><\/p>\n<\/td>\n<td width=170 valign=top style='width:127.6pt;border:solid windowtext 1.0pt;\n  border-left:none;mso-border-left-alt:solid windowtext .5pt;mso-border-alt:\n  solid windowtext .5pt;background:#548DD4;mso-background-themecolor:text2;\n  mso-background-themetint:153;padding:0cm 5.4pt 0cm 5.4pt'><\/p>\n<p style='text-align:justify;line-height:115%'><span lang=ES-TRAD\n  style='font-size:11.0pt;line-height:115%;font-family:\"Arial\",\"sans-serif\";\n  mso-bidi-font-weight:bold'>Nombre<o:p><\/o:p><\/span><\/p>\n<\/td>\n<td width=198 valign=top style='width:148.8pt;border:solid windowtext 1.0pt;\n  border-left:none;mso-border-left-alt:solid windowtext .5pt;mso-border-alt:\n  solid windowtext .5pt;background:#548DD4;mso-background-themecolor:text2;\n  mso-background-themetint:153;padding:0cm 5.4pt 0cm 5.4pt'><\/p>\n<p style='text-align:justify;line-height:115%'><span lang=ES-TRAD\n  style='font-size:11.0pt;line-height:115%;font-family:\"Arial\",\"sans-serif\";\n  mso-bidi-font-weight:bold'>Finalidad<o:p><\/o:p><\/span><\/p>\n<\/td>\n<td width=104 valign=top style='width:78.0pt;border:solid windowtext 1.0pt;\n  border-left:none;mso-border-left-alt:solid windowtext .5pt;mso-border-alt:\n  solid windowtext .5pt;background:#548DD4;mso-background-themecolor:text2;\n  mso-background-themetint:153;padding:0cm 5.4pt 0cm 5.4pt'><\/p>\n<p style='text-align:justify;line-height:115%'><span lang=ES-TRAD\n  style='font-size:11.0pt;line-height:115%;font-family:\"Arial\",\"sans-serif\";\n  mso-bidi-font-weight:bold'>Tipo<o:p><\/o:p><\/span><\/p>\n<\/td>\n<\/tr>\n<tr style='mso-yfti-irow:1'>\n<td width=113 rowspan=4 style='width:84.65pt;border:solid windowtext 1.0pt;\n  border-top:none;mso-border-top-alt:solid windowtext .5pt;mso-border-alt:solid windowtext .5pt;\n  padding:0cm 5.4pt 0cm 5.4pt'><\/p>\n<p style='line-height:115%'><span lang=ES-TRAD style='font-size:11.0pt;\n  line-height:115%;font-family:\"Arial\",\"sans-serif\";mso-bidi-font-weight:bold'>.youtube.com<o:p><\/o:p><\/span><\/p>\n<\/td>\n<td width=123 rowspan=4 style='width:92.15pt;border-top:none;border-left:\n  none;border-bottom:solid windowtext 1.0pt;border-right:solid windowtext 1.0pt;\n  mso-border-top-alt:solid windowtext .5pt;mso-border-left-alt:solid windowtext .5pt;\n  mso-border-alt:solid windowtext .5pt;padding:0cm 5.4pt 0cm 5.4pt'><\/p>\n<p style='line-height:115%'><span lang=ES-TRAD style='font-size:11.0pt;\n  line-height:115%;font-family:\"Arial\",\"sans-serif\";mso-bidi-font-weight:bold'>Tercera<br \/>\n  parte <o:p><\/o:p><\/span><\/p>\n<p style='line-height:115%'><span lang=ES-TRAD style='font-size:11.0pt;\n  line-height:115%;font-family:\"Arial\",\"sans-serif\";mso-bidi-font-weight:bold'>(Google)<o:p><\/o:p><\/span><\/p>\n<p style='line-height:115%'><span lang=ES-TRAD style='font-size:11.0pt;\n  line-height:115%;font-family:\"Arial\",\"sans-serif\";mso-bidi-font-weight:bold'><o:p>&nbsp;<\/o:p><\/span><\/p>\n<\/td>\n<td width=170 style='width:127.6pt;border-top:none;border-left:none;\n  border-bottom:solid windowtext 1.0pt;border-right:solid windowtext 1.0pt;\n  mso-border-top-alt:solid windowtext .5pt;mso-border-left-alt:solid windowtext .5pt;\n  mso-border-alt:solid windowtext .5pt;padding:0cm 5.4pt 0cm 5.4pt'><\/p>\n<p style='line-height:115%'><span lang=ES-TRAD style='font-size:11.0pt;\n  line-height:115%;font-family:\"Arial\",\"sans-serif\";mso-bidi-font-weight:bold'>VISITOR_INFO1_LIVE<o:p><\/o:p><\/span><\/p>\n<\/td>\n<td width=198 style='width:148.8pt;border-top:none;border-left:none;\n  border-bottom:solid windowtext 1.0pt;border-right:solid windowtext 1.0pt;\n  mso-border-top-alt:solid windowtext .5pt;mso-border-left-alt:solid windowtext .5pt;\n  mso-border-alt:solid windowtext .5pt;padding:0cm 5.4pt 0cm 5.4pt'><\/p>\n<p style='line-height:115%'><span lang=ES-TRAD style='font-size:11.0pt;\n  line-height:115%;font-family:\"Arial\",\"sans-serif\";mso-bidi-font-weight:bold'>Realiza<br \/>\n  el seguimiento de las reproducciones de v\u00eddeos insertados en la web.<o:p><\/o:p><\/span><\/p>\n<\/td>\n<td width=104 style='width:78.0pt;border-top:none;border-left:none;\n  border-bottom:solid windowtext 1.0pt;border-right:solid windowtext 1.0pt;\n  mso-border-top-alt:solid windowtext .5pt;mso-border-left-alt:solid windowtext .5pt;\n  mso-border-alt:solid windowtext .5pt;padding:0cm 5.4pt 0cm 5.4pt'><\/p>\n<p style='line-height:115%'><span lang=ES-TRAD style='font-size:11.0pt;\n  line-height:115%;font-family:\"Arial\",\"sans-serif\";mso-bidi-font-weight:bold'>Persistente<br \/>\n  <o:p><\/o:p><\/span><\/p>\n<p style='line-height:115%'><span lang=ES-TRAD style='font-size:11.0pt;\n  line-height:115%;font-family:\"Arial\",\"sans-serif\";mso-bidi-font-weight:bold'>(Un<br \/>\n  a\u00f1o)<o:p><\/o:p><\/span><\/p>\n<\/td>\n<\/tr>\n<tr style='mso-yfti-irow:2'>\n<td width=170 style='width:127.6pt;border-top:none;border-left:none;\n  border-bottom:solid windowtext 1.0pt;border-right:solid windowtext 1.0pt;\n  mso-border-top-alt:solid windowtext .5pt;mso-border-left-alt:solid windowtext .5pt;\n  mso-border-alt:solid windowtext .5pt;padding:0cm 5.4pt 0cm 5.4pt'><\/p>\n<p style='line-height:115%'><span lang=ES-TRAD style='font-size:11.0pt;\n  line-height:115%;font-family:\"Arial\",\"sans-serif\";mso-bidi-font-weight:bold'>YSC<o:p><\/o:p><\/span><\/p>\n<\/td>\n<td width=198 style='width:148.8pt;border-top:none;border-left:none;\n  border-bottom:solid windowtext 1.0pt;border-right:solid windowtext 1.0pt;\n  mso-border-top-alt:solid windowtext .5pt;mso-border-left-alt:solid windowtext .5pt;\n  mso-border-alt:solid windowtext .5pt;padding:0cm 5.4pt 0cm 5.4pt'><\/p>\n<p style='line-height:115%'><span lang=ES-TRAD style='font-size:11.0pt;\n  line-height:115%;font-family:\"Arial\",\"sans-serif\";mso-bidi-font-weight:bold'>Mide<br \/>\n  las reproducciones de v\u00eddeos en la web y almacena las interacciones con los<br \/>\n  botones sociales.<o:p><\/o:p><\/span><\/p>\n<\/td>\n<td width=104 style='width:78.0pt;border-top:none;border-left:none;\n  border-bottom:solid windowtext 1.0pt;border-right:solid windowtext 1.0pt;\n  mso-border-top-alt:solid windowtext .5pt;mso-border-left-alt:solid windowtext .5pt;\n  mso-border-alt:solid windowtext .5pt;padding:0cm 5.4pt 0cm 5.4pt'><\/p>\n<p style='line-height:115%'><span lang=ES-TRAD style='font-size:11.0pt;\n  line-height:115%;font-family:\"Arial\",\"sans-serif\";mso-bidi-font-weight:bold'>De<br \/>\n  sesi\u00f3n.<o:p><\/o:p><\/span><\/p>\n<\/td>\n<\/tr>\n<tr style='mso-yfti-irow:3'>\n<td width=170 style='width:127.6pt;border-top:none;border-left:none;\n  border-bottom:solid windowtext 1.0pt;border-right:solid windowtext 1.0pt;\n  mso-border-top-alt:solid windowtext .5pt;mso-border-left-alt:solid windowtext .5pt;\n  mso-border-alt:solid windowtext .5pt;padding:0cm 5.4pt 0cm 5.4pt'><\/p>\n<p style='line-height:115%'><span lang=ES-TRAD style='font-size:11.0pt;\n  line-height:115%;font-family:\"Arial\",\"sans-serif\";mso-bidi-font-weight:bold'>PREF<o:p><\/o:p><\/span><\/p>\n<\/td>\n<td width=198 style='width:148.8pt;border-top:none;border-left:none;\n  border-bottom:solid windowtext 1.0pt;border-right:solid windowtext 1.0pt;\n  mso-border-top-alt:solid windowtext .5pt;mso-border-left-alt:solid windowtext .5pt;\n  mso-border-alt:solid windowtext .5pt;padding:0cm 5.4pt 0cm 5.4pt'><\/p>\n<p style='line-height:115%'><span lang=ES-TRAD style='font-size:11.0pt;\n  line-height:115%;font-family:\"Arial\",\"sans-serif\";mso-bidi-font-weight:bold'>Almacena<br \/>\n  preferencias de usuario para v\u00eddeos de <span class=SpellE>Youtube<\/span>.<o:p><\/o:p><\/span><\/p>\n<\/td>\n<td width=104 style='width:78.0pt;border-top:none;border-left:none;\n  border-bottom:solid windowtext 1.0pt;border-right:solid windowtext 1.0pt;\n  mso-border-top-alt:solid windowtext .5pt;mso-border-left-alt:solid windowtext .5pt;\n  mso-border-alt:solid windowtext .5pt;padding:0cm 5.4pt 0cm 5.4pt'><\/p>\n<p style='line-height:115%'><span lang=ES-TRAD style='font-size:11.0pt;\n  line-height:115%;font-family:\"Arial\",\"sans-serif\";mso-bidi-font-weight:bold'>Persistente<br \/>\n  <o:p><\/o:p><\/span><\/p>\n<p style='line-height:115%'><span lang=ES-TRAD style='font-size:11.0pt;\n  line-height:115%;font-family:\"Arial\",\"sans-serif\";mso-bidi-font-weight:bold'>(Un<br \/>\n  a\u00f1o)<o:p><\/o:p><\/span><\/p>\n<\/td>\n<\/tr>\n<tr style='mso-yfti-irow:4;height:45.75pt'>\n<td width=170 style='width:127.6pt;border-top:none;border-left:none;\n  border-bottom:solid windowtext 1.0pt;border-right:solid windowtext 1.0pt;\n  mso-border-top-alt:solid windowtext .5pt;mso-border-left-alt:solid windowtext .5pt;\n  mso-border-alt:solid windowtext .5pt;padding:0cm 5.4pt 0cm 5.4pt;height:45.75pt'><\/p>\n<p style='line-height:115%'><span lang=ES-TRAD style='font-size:11.0pt;\n  line-height:115%;font-family:\"Arial\",\"sans-serif\";mso-bidi-font-weight:bold'>GEUP<o:p><\/o:p><\/span><\/p>\n<\/td>\n<td width=198 style='width:148.8pt;border-top:none;border-left:none;\n  border-bottom:solid windowtext 1.0pt;border-right:solid windowtext 1.0pt;\n  mso-border-top-alt:solid windowtext .5pt;mso-border-left-alt:solid windowtext .5pt;\n  mso-border-alt:solid windowtext .5pt;padding:0cm 5.4pt 0cm 5.4pt;height:45.75pt'><\/p>\n<p style='line-height:115%'><span lang=ES-TRAD style='font-size:11.0pt;\n  line-height:115%;font-family:\"Arial\",\"sans-serif\";mso-bidi-font-weight:bold'>Videos<br \/>\n  de <span class=SpellE>Youtube<\/span> insertos en la web.<o:p><\/o:p><\/span><\/p>\n<\/td>\n<td width=104 style='width:78.0pt;border-top:none;border-left:none;\n  border-bottom:solid windowtext 1.0pt;border-right:solid windowtext 1.0pt;\n  mso-border-top-alt:solid windowtext .5pt;mso-border-left-alt:solid windowtext .5pt;\n  mso-border-alt:solid windowtext .5pt;padding:0cm 5.4pt 0cm 5.4pt;height:45.75pt'><\/p>\n<p style='line-height:115%'><span lang=ES-TRAD style='font-size:11.0pt;\n  line-height:115%;font-family:\"Arial\",\"sans-serif\";mso-bidi-font-weight:bold'>Persistente<br \/>\n  <o:p><\/o:p><\/span><\/p>\n<p style='line-height:115%'><span lang=ES-TRAD style='font-size:11.0pt;\n  line-height:115%;font-family:\"Arial\",\"sans-serif\";mso-bidi-font-weight:bold'>(Dos<br \/>\n  a\u00f1os)<o:p><\/o:p><\/span><\/p>\n<\/td>\n<\/tr>\n<tr style='mso-yfti-irow:5;mso-yfti-lastrow:yes'>\n<td width=113 style='width:84.65pt;border:solid windowtext 1.0pt;border-top:\n  none;mso-border-top-alt:solid windowtext .5pt;mso-border-alt:solid windowtext .5pt;\n  padding:0cm 5.4pt 0cm 5.4pt'><\/p>\n<p style='line-height:115%'><span lang=ES-TRAD style='font-size:11.0pt;\n  line-height:115%;font-family:\"Arial\",\"sans-serif\";mso-bidi-font-weight:bold'>.google.com<o:p><\/o:p><\/span><\/p>\n<\/td>\n<td width=123 style='width:92.15pt;border-top:none;border-left:none;\n  border-bottom:solid windowtext 1.0pt;border-right:solid windowtext 1.0pt;\n  mso-border-top-alt:solid windowtext .5pt;mso-border-left-alt:solid windowtext .5pt;\n  mso-border-alt:solid windowtext .5pt;padding:0cm 5.4pt 0cm 5.4pt'><\/p>\n<p style='line-height:115%'><span lang=ES-TRAD style='font-size:11.0pt;\n  line-height:115%;font-family:\"Arial\",\"sans-serif\";mso-bidi-font-weight:bold'>Tercera<br \/>\n  parte <o:p><\/o:p><\/span><\/p>\n<p style='line-height:115%'><span lang=ES-TRAD style='font-size:11.0pt;\n  line-height:115%;font-family:\"Arial\",\"sans-serif\";mso-bidi-font-weight:bold'>(Google)<o:p><\/o:p><\/span><\/p>\n<\/td>\n<td width=170 style='width:127.6pt;border-top:none;border-left:none;\n  border-bottom:solid windowtext 1.0pt;border-right:solid windowtext 1.0pt;\n  mso-border-top-alt:solid windowtext .5pt;mso-border-left-alt:solid windowtext .5pt;\n  mso-border-alt:solid windowtext .5pt;padding:0cm 5.4pt 0cm 5.4pt'><\/p>\n<p style='line-height:115%'><span lang=ES-TRAD style='font-size:11.0pt;\n  line-height:115%;font-family:\"Arial\",\"sans-serif\";mso-bidi-font-weight:bold'>NID<o:p><\/o:p><\/span><\/p>\n<\/td>\n<td width=198 style='width:148.8pt;border-top:none;border-left:none;\n  border-bottom:solid windowtext 1.0pt;border-right:solid windowtext 1.0pt;\n  mso-border-top-alt:solid windowtext .5pt;mso-border-left-alt:solid windowtext .5pt;\n  mso-border-alt:solid windowtext .5pt;padding:0cm 5.4pt 0cm 5.4pt'><\/p>\n<p style='line-height:115%'><span lang=ES-TRAD style='font-size:11.0pt;\n  line-height:115%;font-family:\"Arial\",\"sans-serif\";mso-bidi-font-weight:bold'>Permite<br \/>\n  insertar Google <span class=SpellE>Maps<\/span> en la web y recopila datos<br \/>\n  estad\u00edsticos para personalizar publicidad.<o:p><\/o:p><\/span><\/p>\n<\/td>\n<td width=104 style='width:78.0pt;border-top:none;border-left:none;\n  border-bottom:solid windowtext 1.0pt;border-right:solid windowtext 1.0pt;\n  mso-border-top-alt:solid windowtext .5pt;mso-border-left-alt:solid windowtext .5pt;\n  mso-border-alt:solid windowtext .5pt;padding:0cm 5.4pt 0cm 5.4pt'><\/p>\n<p style='line-height:115%'><span lang=ES-TRAD style='font-size:11.0pt;\n  line-height:115%;font-family:\"Arial\",\"sans-serif\";mso-bidi-font-weight:bold'>Persistente<o:p><\/o:p><\/span><\/p>\n<\/td>\n<\/tr>\n<\/table>\n<h4>Complemento de inhabilitaci\u00f3n para navegadores de Google Analytics<\/h4>\n<p>Para evitar que Google Analytics recopile y utilice sus datos, ponemos a su disposici\u00f3n la extensi\u00f3n de inhabilitaci\u00f3n para navegadores de Google Analytics en el siguiente enlace.<\/p>\n<p><a href=\"https:\/\/tools.google.com\/dlpage\/gaoptout\/index.html?hl=es\"> https:\/\/tools.google.com\/dlpage\/gaoptout\/index.html?hl=es<\/a><\/p>\n<h4>Desactivar Cookies en Navegadores<\/h4>\n<p>Chrome, desde:<br \/>\n<br \/><a href=\"http:\/\/support.google.com\/chrome\/bin\/answer.py?hl=es&#038;answer=95647\"> http:\/\/support.google.com\/chrome\/bin\/answer.py?hl=es&#038;answer=95647<\/a><\/p>\n<p>Explorer, desde:<br \/>\n<br \/><a href=\"http:\/\/windows.microsoft.com\/es-es\/internet-explorer\/delete-manage-cookies#ie=ie-11\">http:\/\/windows.microsoft.com\/es-es\/internet-explorer\/delete-manage-cookies#ie=ie-11<\/a><\/p>\n<p>Firefox, desde:<br \/>\n<br \/><a href=\"http:\/\/support.mozilla.org\/es\/kb\/habilitar-y-deshabilitar-cookies-que-los-sitios-we\"> http:\/\/support.mozilla.org\/es\/kb\/habilitar-y-deshabilitar-cookies-que-los-sitios-we<\/a><\/p>\n<p>Safari, desde:<br \/>\n<br \/><a href=\"http:\/\/support.apple.com\/kb\/ph5042\">http:\/\/support.apple.com\/kb\/ph5042<\/a><\/p>\n<p>La desactivaci\u00f3n de las cookies puede provocar en la web una navegaci\u00f3n menos fluida y que algunos de nuestros servicios en la misma dejen de funcionar correctamente.\n<\/p>\n<p>&nbsp;<\/p>\n<\/article>\n","protected":false},"excerpt":{"rendered":"<p>Informaci\u00f3n legal del titular de la web Raz\u00f3n Social: DATOS INFORMATICOS ZARAGOZA S.A. (DATINZA) Direcci\u00f3n: C\/ Argualas, 40. Edificio El Greco. 50012 Zaragoza. C.I.F.: A50707728 Tel\u00e9fono: 976 56 56 58 E-mail: datinza@datinza.com Datos Registrales: Registro Mercantil de Zaragoza, Tomo 2018, Folio 196, Secci\u00f3n B, Hoja Z-19883, Inscripci\u00f3n 1\u00aa Propiedad Intelectual Todos los derechos de propiedad [&hellip;]<\/p>\n","protected":false},"author":1,"featured_media":0,"parent":0,"menu_order":0,"comment_status":"closed","ping_status":"closed","template":"page-full-width.php","meta":{"_exactmetrics_skip_tracking":false,"_exactmetrics_sitenote_active":false,"_exactmetrics_sitenote_note":"","_exactmetrics_sitenote_category":0,"footnotes":""},"class_list":["post-1542","page","type-page","status-publish","hentry"],"_links":{"self":[{"href":"https:\/\/www.datinza.com\/index.php\/wp-json\/wp\/v2\/pages\/1542","targetHints":{"allow":["GET"]}}],"collection":[{"href":"https:\/\/www.datinza.com\/index.php\/wp-json\/wp\/v2\/pages"}],"about":[{"href":"https:\/\/www.datinza.com\/index.php\/wp-json\/wp\/v2\/types\/page"}],"author":[{"embeddable":true,"href":"https:\/\/www.datinza.com\/index.php\/wp-json\/wp\/v2\/users\/1"}],"replies":[{"embeddable":true,"href":"https:\/\/www.datinza.com\/index.php\/wp-json\/wp\/v2\/comments?post=1542"}],"version-history":[{"count":7,"href":"https:\/\/www.datinza.com\/index.php\/wp-json\/wp\/v2\/pages\/1542\/revisions"}],"predecessor-version":[{"id":2410,"href":"https:\/\/www.datinza.com\/index.php\/wp-json\/wp\/v2\/pages\/1542\/revisions\/2410"}],"wp:attachment":[{"href":"https:\/\/www.datinza.com\/index.php\/wp-json\/wp\/v2\/media?parent=1542"}],"curies":[{"name":"wp","href":"https:\/\/api.w.org\/{rel}","templated":true}]}}