{"id":1745,"date":"2017-10-20T16:40:47","date_gmt":"2017-10-20T14:40:47","guid":{"rendered":"http:\/\/www250.e1016.servidornet.com\/?page_id=1745"},"modified":"2017-11-27T18:35:29","modified_gmt":"2017-11-27T16:35:29","slug":"espacio-cardioprotegido","status":"publish","type":"page","link":"https:\/\/www.datinza.com\/index.php\/espacio-cardioprotegido\/","title":{"rendered":"Espacio Cardioprotegido"},"content":{"rendered":"<link rel=\"stylesheet\" href=\"https:\/\/www.w3schools.com\/w3css\/4\/w3.css\">\n<style>\n.blog-post-title {padding:0 !important;}\n<\/style>\n<div class=\"w3-row\"  style=\"margin:4% 0% 0% 0%;\">\n<div class=\" w3-container w3-third\">\n      <img decoding=\"async\" class=\"aligncenter  w3-round-large\"  src=\"\/wp-content\/uploads\/2017\/09\/Espacio_Cardioprotegido.jpg\" alt=\"editors\"  style = \"width: 100%;   \" \/>\n  <\/div>\n<div class=\"w3-container w3-twothird\"  style=\"margin:1% 0% 0% 0%;\">\n<p >El compromiso social de Datinza S.A. va m\u00e1s all\u00e1 del reciclaje, las alternativas electr\u00f3nicas al papel y las inversiones en tecnolog\u00edas m\u00e1s limpias y responsables con el medio ambiente. Nos hemos sumado este a\u00f1o al <b>Proyecto Salvavidas<\/b> y nos hemos convertido en un <b>Espacio Cardioprotegido<\/b>. \u00bfQu\u00e9 supone ser un espacio cardioprotegido? Un lugar con desfibriladores externos semiautom\u00e1ticos (DESA) disponibles para personal no sanitario en caso de una parada card\u00edaca.<\/p>\n<p >La certificaci\u00f3n de Espacio Cardioprotegido se basa en cinco apartados:<\/p>\n<ul style=\"list-style-type: square; margin: 0% 5% 5% 5%;\">\n<li>\n<p style=\"margin:0;\"><b>DESFIBRILADOR Y DISTRIBUIDOR:<\/b> Normativas, seguros y cumplimiento de regulaciones de venta de material.<\/p>\n<\/li>\n<li>\n<p style=\"margin:0;\"><b>INSTALACI\u00d3N:<\/b> Distribuci\u00f3n, ubicaci\u00f3n y se\u00f1al\u00e9tica.<\/p>\n<\/li>\n<li>\n<p style=\"margin:0;\"><b>FORMACI\u00d3N M\u00cdNIMA:<\/b> Acceso p\u00fablico a la desfibrilaci\u00f3n, 90 minutos, y reglamentaria seg\u00fan normativas de las distintas CCAA.<\/p>\n<\/li>\n<li>\n<p style=\"margin:0;\"><b>MANTENIMIENTO:<\/b> Control de caducidades informatizada, tanto de bater\u00edas como de parches.<\/p>\n<\/li>\n<li>\n<p style=\"margin:0;\"><b>RENOVACI\u00d3N:<\/b> Bianual, reciclaje de formaci\u00f3n obligatoria, renovaci\u00f3n de parches y bater\u00edas.<\/p>\n<\/li>\n<\/ul>\n<p style=\"margin:5% 0% 0% 0%;\">Los primeros minutos son cruciales para la v\u00edctima, siendo un tratamiento adecuado y precoz lo que determinar\u00e1 su supervivencia. En Espa\u00f1a se producen aproximadamente 30.000 paradas card\u00edacas al a\u00f1o (una cada veinte minutos), ocasionando cuatro veces m\u00e1s muertes que por accidente de tr\u00e1fico. De ah\u00ed la iniciativa y las ganas de aportar nuestro granito de arena.\n<\/p>\n<\/p><\/div>\n<\/div>\n","protected":false},"excerpt":{"rendered":"<p>El compromiso social de Datinza S.A. va m\u00e1s all\u00e1 del reciclaje, las alternativas electr\u00f3nicas al papel y las inversiones en tecnolog\u00edas m\u00e1s limpias y responsables con el medio ambiente. Nos hemos sumado este a\u00f1o al Proyecto Salvavidas y nos hemos convertido en un Espacio Cardioprotegido. \u00bfQu\u00e9 supone ser un espacio cardioprotegido? Un lugar con desfibriladores [&hellip;]<\/p>\n","protected":false},"author":1,"featured_media":2246,"parent":0,"menu_order":0,"comment_status":"closed","ping_status":"closed","template":"page-full-width.php","meta":{"_exactmetrics_skip_tracking":false,"_exactmetrics_sitenote_active":false,"_exactmetrics_sitenote_note":"","_exactmetrics_sitenote_category":0,"footnotes":""},"class_list":["post-1745","page","type-page","status-publish","has-post-thumbnail","hentry"],"_links":{"self":[{"href":"https:\/\/www.datinza.com\/index.php\/wp-json\/wp\/v2\/pages\/1745","targetHints":{"allow":["GET"]}}],"collection":[{"href":"https:\/\/www.datinza.com\/index.php\/wp-json\/wp\/v2\/pages"}],"about":[{"href":"https:\/\/www.datinza.com\/index.php\/wp-json\/wp\/v2\/types\/page"}],"author":[{"embeddable":true,"href":"https:\/\/www.datinza.com\/index.php\/wp-json\/wp\/v2\/users\/1"}],"replies":[{"embeddable":true,"href":"https:\/\/www.datinza.com\/index.php\/wp-json\/wp\/v2\/comments?post=1745"}],"version-history":[{"count":28,"href":"https:\/\/www.datinza.com\/index.php\/wp-json\/wp\/v2\/pages\/1745\/revisions"}],"predecessor-version":[{"id":2350,"href":"https:\/\/www.datinza.com\/index.php\/wp-json\/wp\/v2\/pages\/1745\/revisions\/2350"}],"wp:featuredmedia":[{"embeddable":true,"href":"https:\/\/www.datinza.com\/index.php\/wp-json\/wp\/v2\/media\/2246"}],"wp:attachment":[{"href":"https:\/\/www.datinza.com\/index.php\/wp-json\/wp\/v2\/media?parent=1745"}],"curies":[{"name":"wp","href":"https:\/\/api.w.org\/{rel}","templated":true}]}}