{"id":1865,"date":"2017-11-02T13:44:18","date_gmt":"2017-11-02T11:44:18","guid":{"rendered":"http:\/\/www250.e1016.servidornet.com\/?page_id=1865"},"modified":"2017-11-27T18:28:47","modified_gmt":"2017-11-27T16:28:47","slug":"secretariat","status":"publish","type":"page","link":"https:\/\/www.datinza.com\/index.php\/fr\/ordres-pharmaciens\/secretariat\/","title":{"rendered":"Secr\u00e9tariat"},"content":{"rendered":"<p><!--<meta name=\"viewport\" content=\"width=device-width, initial-scale=1\">\n<link rel=\"stylesheet\" href=\"https:\/\/www.w3schools.com\/w3css\/4\/w3.css\"> --><br \/>\n<meta name=\"viewport\" content=\"width=device-width, initial-scale=1\">\n<link rel=\"stylesheet\" href=\"https:\/\/www.w3schools.com\/w3css\/4\/w3.css\">\n<h4 style=\"text-align: center;\">Ordres Pharmaciens <\/h4>\n<p><img loading=\"lazy\" decoding=\"async\" class=\"aligncenter\" src=\"\/wp-content\/uploads\/2017\/06\/ERP.png\" alt=\"editors\" width=\"160\" height=\"160\" \/> <\/p>\n<p  class=\"tx1\"  style = \"color:#22a1c4;font-size: 130%;font-weight: regular; margin: 0% 0% 5% 0%; text-align: center;\" > Secr\u00e9tariat virtuel (<br \/>(ERP)<\/p>\n<div class=\"w3-row-padding  w3-container\">\n<div class=\"w3-threequarter w3-container\" >\n<p class=\"tx1\"  style = \"color:#196F8A;font-size: 110%;font-weight: regular; margin: 5% 5% 2% 10%;\" >Programme DATINZA-ERP<\/p>\n<p class=\"tx1\" style=\"margin: 0% 5% 0% 10%;\">D\u00e9veloppement sur mesure d\u2019un secr\u00e9tariat virtuel sp\u00e9cifique pour les ordres de pharmaciens. Cette plateforme couvre toutes les d\u00e9marches habituelles r\u00e9alis\u00e9es par ces organismes professionnels.<\/p>\n<p class=\"tx1\" style=\"margin: 0% 5% 0% 10%;\">Il est constitu\u00e9 d\u2019une s\u00e9rie de modules principaux qui pr\u00e9voient toutes les fonctions habituelles des ordres:\n<\/p>\n<ul style=\"list-style-type: square;  margin: 3% 10% 0% 10%;\">\n<li>\n<p style=\"margin:0;\">Gestion de fiches d\u2019adh\u00e9rents.<\/p>\n<\/li>\n<li>\n<p style=\"margin:0;\">Gestion de leurs pharmacies associ\u00e9es.<\/p>\n<\/li>\n<li>\n<p style=\"margin:0;\">Gestion du paiement de re\u00e7us par les membres adh\u00e9rents.<\/p>\n<\/li>\n<li>\n<p style=\"margin:0;\">Gestion des liquidations de pharmacie.<\/p>\n<\/li>\n<li>\n<p style=\"margin:0;\">Registre officiel de documents de l\u2019ordre.<\/p>\n<\/li>\n<\/ul>\n<p class=\"tx1\" style=\"margin: 3% 5% 0% 10%;\"> Gr\u00e2ce \u00e0 l\u2019exp\u00e9rience de notre \u00e9quipe d\u00e9veloppement, nous avons la capacit\u00e9 de nous adapter et de conseiller sur la gestion des ressources informatiques de chaque ordre en cas de besoin. <\/p>\n<p class=\"tx1\"  style = \"color:#196F8A;font-size: 110%;font-weight: regular; margin: 5% 5% 2% 10%;\" >Site web DATINZA-ERP<\/p>\n<p class=\"tx1\" style=\"margin: 0% 5% 0% 10%;\">Toutes les gestions r\u00e9alis\u00e9es par un ordre pharmacien avec le programme DATINZA-ERP peuvent \u00eatre consult\u00e9es en ligne sur notre site internet :<\/p>\n<\/p>\n<ul style=\"list-style-type: square; margin: 0% 10% 0% 10%;\">\n<li>\n<p style=\"margin:0;\">Acc\u00e8s restreint et contr\u00f4l\u00e9.<\/p>\n<\/li>\n<li>\n<p style=\"margin:0;\">Toutes les gestions relatives \u00e0 un adh\u00e9rent d\u2019un ordre peuvent \u00eatre visualis\u00e9es par celui-ci dans la zone priv\u00e9e de chaque utilisateur, comme par exemple, consulter le montant total des re\u00e7us pay\u00e9s sur une ann\u00e9e ou afficher un registre de documents et le t\u00e9l\u00e9charger.<\/p>\n<\/li>\n<li>\n<p style=\"margin:0;\">Les clients peuvent obtenir des services personnalis\u00e9s sous forme de statistiques ou de graphiques suppl\u00e9mentaires, en vue d\u2019am\u00e9liorer l\u2019utilit\u00e9 du service et de nous adapter \u00e0 leurs n\u00e9cessit\u00e9s.<\/p>\n<\/li>\n<\/ul><\/div>\n<div class=\"w3-quarter  w3-container\">\n<div class=\"imagen_vertical \" style = \"margin: 35% 0% 0% 0%;\">   <img decoding=\"async\" class=\"aligncenter\"  src=\"\/wp-content\/uploads\/2017\/06\/PO01.jpg\" alt=\"editors\"  style = \"width: 100%;height: 100%;  \"  \/>\n    <\/div>\n<\/p><\/div>\n<\/div>\n","protected":false},"excerpt":{"rendered":"<p>Ordres Pharmaciens Secr\u00e9tariat virtuel ((ERP) Programme DATINZA-ERP D\u00e9veloppement sur mesure d\u2019un secr\u00e9tariat virtuel sp\u00e9cifique pour les ordres de pharmaciens. Cette plateforme couvre toutes les d\u00e9marches habituelles r\u00e9alis\u00e9es par ces organismes professionnels. Il est constitu\u00e9 d\u2019une s\u00e9rie de modules principaux qui pr\u00e9voient toutes les fonctions habituelles des ordres: Gestion de fiches d\u2019adh\u00e9rents. Gestion de leurs pharmacies [&hellip;]<\/p>\n","protected":false},"author":1,"featured_media":1450,"parent":1853,"menu_order":0,"comment_status":"closed","ping_status":"closed","template":"page-full-width.php","meta":{"footnotes":""},"class_list":["post-1865","page","type-page","status-publish","has-post-thumbnail","hentry"],"_links":{"self":[{"href":"https:\/\/www.datinza.com\/index.php\/wp-json\/wp\/v2\/pages\/1865","targetHints":{"allow":["GET"]}}],"collection":[{"href":"https:\/\/www.datinza.com\/index.php\/wp-json\/wp\/v2\/pages"}],"about":[{"href":"https:\/\/www.datinza.com\/index.php\/wp-json\/wp\/v2\/types\/page"}],"author":[{"embeddable":true,"href":"https:\/\/www.datinza.com\/index.php\/wp-json\/wp\/v2\/users\/1"}],"replies":[{"embeddable":true,"href":"https:\/\/www.datinza.com\/index.php\/wp-json\/wp\/v2\/comments?post=1865"}],"version-history":[{"count":2,"href":"https:\/\/www.datinza.com\/index.php\/wp-json\/wp\/v2\/pages\/1865\/revisions"}],"predecessor-version":[{"id":2335,"href":"https:\/\/www.datinza.com\/index.php\/wp-json\/wp\/v2\/pages\/1865\/revisions\/2335"}],"up":[{"embeddable":true,"href":"https:\/\/www.datinza.com\/index.php\/wp-json\/wp\/v2\/pages\/1853"}],"wp:featuredmedia":[{"embeddable":true,"href":"https:\/\/www.datinza.com\/index.php\/wp-json\/wp\/v2\/media\/1450"}],"wp:attachment":[{"href":"https:\/\/www.datinza.com\/index.php\/wp-json\/wp\/v2\/media?parent=1865"}],"curies":[{"name":"wp","href":"https:\/\/api.w.org\/{rel}","templated":true}]}}