{"id":1941,"date":"2017-11-02T18:59:29","date_gmt":"2017-11-02T16:59:29","guid":{"rendered":"http:\/\/www250.e1016.servidornet.com\/?page_id=1941"},"modified":"2017-11-27T18:34:53","modified_gmt":"2017-11-27T16:34:53","slug":"sustentabilidade","status":"publish","type":"page","link":"https:\/\/www.datinza.com\/index.php\/pt\/sustentabilidade\/","title":{"rendered":"Sustentabilidade"},"content":{"rendered":"<link rel=\"stylesheet\" href=\"https:\/\/www.w3schools.com\/w3css\/4\/w3.css\">\n<style>\np {  margin:2% 5% 0% 5%!important;}\n<\/style>\n<h4 style=\"text-align: left;margin-left:5%;\">Comprometidos com o Meio Ambiente<\/h4>\n<p style=\"clear:left; margin-top:0%!important;\">Na Datinza estamos comprometidos com o meio ambiente, oferecendo servi\u00e7os que ajudam na sustentabilidade. Os nossos sistemas de gest\u00e3o lidam com documentos eletr\u00f3nicos, que n\u00e3o requerem papel, al\u00e9m de reduzir ostensivamente o seu consumo em processos tradicionais atrav\u00e9s da reciclagem do papel digitalizado.<\/p>\n<div class=\"w3-row\">\n<div class=\"w3-container w3-third\">\n   <img decoding=\"async\" src=\"\/wp-content\/uploads\/2017\/09\/logo_arbol.png\"   style=\"display:block; width:120%; margin:5%;\"><\/p><\/div>\n<div class=\"w3-container w3-twothird\">\n<p>Na Datinza, automatizamos trabalhos administrativos que favorece a redu\u00e7\u00e3o do consumo de papel atrav\u00e9s da cria\u00e7\u00e3o, gest\u00e3o e armazenamento de documentos eletr\u00f3nicos. Destacamos, de entre os processos em andamento os de secretaria virtual, plataformas de registo e acompanhamento de incid\u00eancias, centro de atendimento ao utilizador e ferramentas de explora\u00e7\u00e3o e an\u00e1lise de dados.<\/p>\n<p>Por outro lado, digitalizar a informa\u00e7\u00e3o contida em papel e transform\u00e1-la em documentos eletr\u00f3nicos permite reciclar e reutilizar o papel, reduzindo amplamente a tala de \u00e1rvores bem como o consumo de \u00e1gua e energia necess\u00e1rias para a sua produ\u00e7\u00e3o, como se pode ver nos seguintes dados:\n<\/p>\n<ul style=\"list-style-type: square;  margin: 0% 0% 0% 10%;\">\n<li>\n<p style=\"margin:0;\"> Cada pessoa gasta 130 Kg de papel de m\u00e9dia ao ano dos quais 100 Kg s\u00e3o folhas, embalagens e cart\u00e3o.<\/p>\n<\/li>\n<li>\n<p style=\"margin:0;\"> 1 Kg equivale aproximadamente a 200 folhas DIN-A4<\/p>\n<\/li>\n<li>\n<p style=\"margin:0;\"> O processo de fabrico de uma tonelada de papel consome 17 \u00e1rvores e 100.000 litros de \u00e1gua.<\/p>\n<\/li>\n<li>\n<p style=\"margin:0;\">Por cada 59 Kg de papel \u00e9 consumida 1 \u00e1rvore de uns 20-30 anos de idade.<\/p>\n<\/li>\n<\/ul><\/div>\n<\/div>\n","protected":false},"excerpt":{"rendered":"<p>Comprometidos com o Meio Ambiente Na Datinza estamos comprometidos com o meio ambiente, oferecendo servi\u00e7os que ajudam na sustentabilidade. Os nossos sistemas de gest\u00e3o lidam com documentos eletr\u00f3nicos, que n\u00e3o requerem papel, al\u00e9m de reduzir ostensivamente o seu consumo em processos tradicionais atrav\u00e9s da reciclagem do papel digitalizado. Na Datinza, automatizamos trabalhos administrativos que favorece [&hellip;]<\/p>\n","protected":false},"author":1,"featured_media":2278,"parent":0,"menu_order":0,"comment_status":"closed","ping_status":"closed","template":"page-full-width.php","meta":{"footnotes":""},"class_list":["post-1941","page","type-page","status-publish","has-post-thumbnail","hentry"],"_links":{"self":[{"href":"https:\/\/www.datinza.com\/index.php\/wp-json\/wp\/v2\/pages\/1941","targetHints":{"allow":["GET"]}}],"collection":[{"href":"https:\/\/www.datinza.com\/index.php\/wp-json\/wp\/v2\/pages"}],"about":[{"href":"https:\/\/www.datinza.com\/index.php\/wp-json\/wp\/v2\/types\/page"}],"author":[{"embeddable":true,"href":"https:\/\/www.datinza.com\/index.php\/wp-json\/wp\/v2\/users\/1"}],"replies":[{"embeddable":true,"href":"https:\/\/www.datinza.com\/index.php\/wp-json\/wp\/v2\/comments?post=1941"}],"version-history":[{"count":2,"href":"https:\/\/www.datinza.com\/index.php\/wp-json\/wp\/v2\/pages\/1941\/revisions"}],"predecessor-version":[{"id":2349,"href":"https:\/\/www.datinza.com\/index.php\/wp-json\/wp\/v2\/pages\/1941\/revisions\/2349"}],"wp:featuredmedia":[{"embeddable":true,"href":"https:\/\/www.datinza.com\/index.php\/wp-json\/wp\/v2\/media\/2278"}],"wp:attachment":[{"href":"https:\/\/www.datinza.com\/index.php\/wp-json\/wp\/v2\/media?parent=1941"}],"curies":[{"name":"wp","href":"https:\/\/api.w.org\/{rel}","templated":true}]}}